ndred millions digit of 856722855?
8
What is the ten thousands digit of 86332016?
3
What is the hundreds digit of 60144694?
6
What is the hundred thousands digit of 196039271?
0
What is the hundreds digit of 219932522?
5
What is the ten thousands digit of 673160794?
6
What is the thousands digit of 2233526505?
6
What is the thousands digit of 89839093?
9
What is the tens digit of 43775145?
4
What is the units digit of 102626578?
8
What is the hundred millions digit of 121064431?
1
What is the tens digit of 9702140841?
4
What is the hundred thousands digit of 3016821505?
8
What is the tens digit of 2256089525?
2
What is the ten millions digit of 11310663?
1
What is the hundred millions digit of 6732290770?
7
What is the hundred thousands digit of 210277227?
2
What is the tens digit of 22491570?
7
What is the ten thousands digit of 188477868?
7
What is the hundred thousands digit of 151033938?
0
What is the tens digit of 986081224?
2
What is the millions digit of 59211688?
9
What is the tens digit of 843832882?
8
What is the ten millions digit of 1407135180?
0
What is the thousands digit of 172478968?
8
What is the ten thousands digit of 277422703?
2
What is the ten thousands digit of 1331704474?
0
What is the ten thousands digit of 66572546?
7
What is the hundred millions digit of 126480607?
1
What is the hundred thousands digit of 2625431066?
4
What is the hundreds digit of 66814664?
6
What is the hundred millions digit of 4359448935?
3
What is the ten millions digit of 1374450216?
7
What is the hundred thousands digit of 524766873?
7
What is the hundred thousands digit of 43758448?
7
What is the ten millions digit of 96883143?
9
What is the thousands digit of 1543838627?
8
What is the thousands digit of 64645924?
5
What is the hundreds digit of 192948324?
3
What is the ten millions digit of 35342582?
3
What is the tens digit of 3640001442?
4
What is the thousands digit of 989430324?
0
What is the hundred thousands digit of 249675?
2
What is the hundred thousands digit of 89339429?
3
What is the units digit of 15531968?
8
What is the units digit of 2190187463?
3
What is the thousands digit of 19385880?
5
What is the ten millions digit of 53642333?
5
What is the thousands digit of 40227279?
7
What is the ten thousands digit of 197011898?
1
What is the ten millions digit of 290802363?
9
What is the millions digit of 165509132?
5
What is the millions digit of 197725729?
7
What is the ten thousands digit of 2281786876?
8
What is the hundreds digit of 700805859?
8
What is the hundred thousands digit of 245454868?
4
What is the thousands digit of 1427409858?
9
What is the thousands digit of 8990616?
0
What is the hundred thousands digit of 63927559?
9
What is the ten millions digit of 63363286?
6
What is the tens digit of 693393672?
7
What is the thousands digit of 20784618?
4
What is the billions digit of 6117886266?
6
What is the thousands digit of 95318770?
8
What is the millions digit of 3152774201?
2
What is the units digit of 909161114?
4
What is the millions digit of 44983941?
4
What is the ten millions digit of 35589271?
3
What is the thousands digit of 604075323?
5
What is the ten millions digit of 37227764?
3
What is the hundred thousands digit of 165985337?
9
What is the tens digit of 19820100?
0
What is the millions digit of 1371173323?
1
What is the hundreds digit of 89660506?
5
What is the tens digit of 98244852?
5
What is the hundred millions digit of 106201651?
1
What is the millions digit of 3273358650?
3
What is the ten millions digit of 421349282?
2
What is the billions digit of 1492591117?
1
What is the hundred thousands digit of 90541894?
5
What is the millions digit of 184223816?
4
What is the ten millions digit of 1063069973?
6
What is the ten thousands digit of 28739583?
3
What is the thousands digit of 62914206?
4
What is the hundred thousands digit of 195703554?
7
What is the hundred thousands digit of 39298509?
2
What is the millions digit of 56095063?
6
What is the millions digit of 773518145?
3
What is the thousands digit of 698558177?
8
What is the hundreds digit of 723529363?
3
What is the units digit of 57523729?
9
What is the hundreds digit of 82581252?
2
What is the ten millions digit of 79777196?
7
What is the ten millions digit of 628873121?
2
What is the ten thousands digit of 51533757?
3
What is the millions digit of 16769041?
6
What is the millions digit of 7874325?
7
What is the hundreds digit of 69750466?
4
What is the ten millions digit of 105016337?
0
What is the hundreds digit of 8579594087?
0
What is the units digit of 295985565?
5
What is the ten thousands digit of 806282200?
8
What is the units digit of 1176355558?
8
What is the tens digit of 316780312?
1
What is the hundreds digit of 68586843?
8
What is the ten millions digit of 812043170?
1
What is the ten millions digit of 2018185133?
1
What is the millions digit of 105672375?
5
What is the units digit of 639892895?
5
What is the millions digit of 1665899440?
5
What is the thousands digit of 6078980239?
0
What is the ten millions digit of 62712598?
6
What is the thousands digit of 966983208?
3
What is the millions digit of 114269489?
4
What is the ten thousands digit of 33949618?
4
What is the thousands digit of 204516817?
6
What is the millions digit of 124426302?
4
What is the hundred millions digit of 1835683409?
8
What is the ten millions digit of 2716045960?
1
What is the hundred thousands digit of 2859034672?
0
What is the ten millions digit of 149439558?
4
What is the ten thousands digit of 22568389?
6
What is the thousands digit of 3602807305?
7
What is the units digit of 125709705?
5
What is the millions digit of 72479583?
2
What is the millions digit of 3746216793?
6
What is the tens digit of 280544990?
9
What is the billions digit of 1682353437?
1
What is the ten thousands digit of 1013371836?
7
What is the hundreds digit of 48666154?
1
What is the ten thousands digit of 122387789?
8
What is the units digit of 4049089328?
8
What is the units digit of 64903274?
4
What is the hundreds digit of 39396164?
1
What is the millions digit of 29871059?
9
What is the units digit of 61493816?
6
What is the hundreds digit of 3074196809?
8
What is the tens digit of 986769330?
3
What is the hundreds digit of 1295168169?
1
What is the ten millions digit of 568077140?
6
What is the thousands digit of 289854738?
4
What is the thousands digit of 497491033?
1
What is the thousands digit of 3922085535?
5
What is the hundreds digit of 118777460?
4
What is the millions digit of 22255380?
2
What is the tens digit of 28635818?
1
What is the units digit of 129606752?
2
What is the ten millions digit of 27268939?
2
What is the hundreds digit of 1070731329?
3
What is the hundred thousands digit of 634382950?
3
What is the hundred thousands digit of 12139682?
1
What is the ten millions digit of 3832069332?
3
What is the thousands digit of 162537081?
7
What is the millions digit of 169658025?
9
What is the ten thousands digit of 46336338?
3
What is the ten thousands digit of 13170667?
7
What is the hundred thousands digit of 60193059?
1
What is the ten millions digit of 3697060641?
9
What is the tens digit of 4184790688?
8
What is the units digit of 245567795?
5
What is the hundred thousands digit of 266209515?
2
What is the units digit of 23247655?
5
What is the millions digit of 359356761?
9
What is the thousands digit of 5505057041?
7
What is the thousands digit of 776665634?
5
What is the units digit of 29973746?
6
What is the hundreds digit of 21592110?
1
What is the ten millions digit of 640244127?
4
What is the ten thousands digit of 1146166160?
6
What is the thousands digit of 112946747?
6
What is the tens digit of 2519436100?
0
What is the millions digit of 94127276?
4
What is the millions digit of 495785914?
5
What is the tens digit of 94345511?
1
What is the hundred thousands digit of 145306873?
3
What is the hundred millions digit of 593059975?
5
What is the ten millions digit of 453977804?
5
What is the ten thousands digit of 45232985?
3
What is the thousands digit of 846042773?
2
What is the ten millions digit of 4884882655?
8
What is the ten thousands digit of 112471482?
7
What is the millions digit of 53874211?
3
What is the hundred millions digit 